. Let f be z(5). Suppose 5*s + 3*a - 1323 = 2*s, 3*s = -a + f. Is s a composite number?
False
Suppose 44*z - 43*z = 3*u + 307481, 4*z - 1229924 = 2*u. Is z a prime number?
True
Is (149163/6)/(1/2) a prime number?
False
Is 50/24 - 2 - (135460115/84)/(-79) a composite number?
True
Suppose v + v - 48383 = -3*r, 5*v + 4*r - 120975 = 0. Suppose v = 9*w - 2*w. Is w a prime number?
True
Let g be (-9)/12 + 621/(-36). Let q(y) = -3*y - 52. Let n be q(g). Suppose 0 = -n*f + 202 + 112. Is f composite?
False
Let u be 1/(-6) - (31407309/54)/31. Let s = u - -28795. Is s a prime number?
False
Let w be 368/(-24)*13 + (-5)/3. Let r = 1534 + w. Is r prime?
False
Let n(z) = -3*z - 26. Let v be n(-10). Let j(i) = -42*i**2 + 9*i - 2. Let x be j(v). Is 12/(-8)*x/3 a composite number?
True
Suppose 0 = 45*b - 49*b + 8. Is ((-201)/b)/(3/(-158)) composite?
True
Let z be 5/(-45) + 138/27. Suppose -z*k + 178 + 202 = 0. Suppose -3*o - 658 - k = -2*c, -o + 750 = 2*c. Is c a composite number?
False
Let d(h) = 9*h**2 - h + 1. Let p be d(1). Suppose 0 = -6*j + 9548 + 14548. Suppose -y + p*y = j. Is y prime?
False
Suppose 0 = 13*q - 19595 - 9512. Let z(v) = -85*v - 36. Let l be z(-18). Let n = q - l. Is n prime?
False
Let h be 1946 + -1 + -3 + 1. Suppose -5*s = -4*s - h. Is s prime?
False
Is 636866 - (-22 + (19 - -18)) a composite number?
False
Suppose 22 + 2 = 6*v. Suppose -10321 = -5*x - v*g + 8998, x + 4*g - 3851 = 0. Is x prime?
False
Suppose 9 = 3*m, -8*m + 176558 = 5*v - 7*m. Is v prime?
True
Let d(t) = 358*t**2 - 11*t + 5. Let l = -705 + 711. Is d(l) composite?
True
Let c(f) = -72777*f**3 - 2*f**2 + 39*f + 73. Is c(-2) a prime number?
True
Let k(l) = l**3 - 15*l**2 + 55*l - 684. Is k(21) composite?
True
Suppose 31*u = 22*u - 33552. Let n = -2631 - u. Is n prime?
True
Let d be -4*(-1)/8*262. Let f = d - 116. Let j(u) = 75*u + 1. Is j(f) a composite number?
True
Let n(t) = -2*t**3 - 3*t**2 - 16*t + 2. Let a = 162 + -71. Let f = a + -100. Is n(f) a composite number?
False
Is (-28414876)/(-180) + (-66)/55 - (-2)/(-9) composite?
True
Suppose -174*h + 45547997 + 13321801 = -96*h. Is h prime?
False
Let q be (17/2)/((-1372344)/343088 + 4). Suppose -58971 + q = 40*f. Is f a prime number?
True
Let m(d) = 95*d - 16951 + 57*d + 16674. Is m(22) composite?
False
Let o(f) = -3*f**2 + 0*f**2 - 2*f**2 - 12*f**2 - 3 - 8*f. Let i be o(5). Let m = i + 2291. Is m composite?
False
Let a be 4/12 + (-20)/6. Let n be (8 - (3 - -6))*-13. Is (n/a - -2)/((-1)/87) a composite number?
True
Let k(b) be the first derivative of 2*b**3 + 27*b**2/2 - 61*b + 92. Is k(-32) a prime number?
False
Suppose -1944 = -2*d + q, 18*d - 3*q = 15*d + 2910. Let m be 5*(9/5 + -1). Suppose 0*u + 1975 = 4*v + u, 0 = -2*v + m*u + d. Is v prime?
False
Suppose -2*w + 108 + 24 = 2*s, 0 = -3*w + 3*s + 216. Let o = 1 + -1. Suppose 5*x - 2266 - w = o. Is x a composite number?
False
Let m = -7050 - -11890. Suppose -24*v + m + 16928 = 0. Is v composite?
False
Let t be (3/3 + 18/8)*8. Suppose 79 + t = 5*q - 5*k, 0 = -q - 5*k - 9. Suppose -15*d = -q*d + 3935. Is d a composite number?
True
Let i(h) = -307*h - 52. Let q be 130/(-6) + 2 + 12/(-9). Is i(q) prime?
False
Suppose -5*h + 3*p + 2099587 = 0, 106*h = 105*h + p + 419919. Is h a prime number?
False
Is 76328 + (-15)/(-4)*4 a prime number?
True
Let a be (-20977)/22*(0 + 6). Let w = a + 8884. Is w prime?
True
Is ((-3)/6)/(4*(-2)/2232656) composite?
True
Let o be ((-40)/15 - -4)/(2/219). Let j be (o/(-5))/((-8)/3160). Let c = j + -5677. Is c a composite number?
False
Let s(y) = -111*y + 36 + 37 + 0. Is s(-22) prime?
False
Let s = 44 + -40. Suppose -3*q + 2*m + 5 = -0, -m = 4*q - 14. Suppose -q*d + s*d - 259 = 0. Is d composite?
True
Let u(y) = -14*y**3 - 13*y**2 + 18*y + 19. Let j(x) = -x**3 - x**2 + x. Let a(f) = -6*j(f) + u(f). Let z = -9444 - -9438. Is a(z) composite?
False
Let s(u) be the second derivative of 85*u**4/12 + 2*u**3/3 - 2*u**2 - 15*u. Let v be s(2). Suppose -5*d + 2559 = v. Is d composite?
False
Let g = 72 - 73. Let y be (7 - -2)*g - 9/(-3). Is (-535)/(-10) + -2 + (-9)/y composite?
False
Let p(k) = 3*k**3 - 8*k**2 - 2*k. Let b be p(3). Suppose b*y - 8*y + 1685 = 0. Is y composite?
False
Suppose 72 = -7*v + v. Is (-45)/20*((-32)/v)/(-1) composite?
True
Suppose -76*m + 152 = -68*m. Let f(i) = i**3 - 11*i**2 - 40*i - 27. Is f(m) a prime number?
False
Is 6/8 + (-22557521)/(-68) a prime number?
False
Suppose 355849 = 2*w + 2*n + 27999, 2*w + n = 327852. Is w prime?
True
Suppose 3*f = -4*o + 6*o - 178235, -8*f = 24. Is o a composite number?
False
Let t(s) = -s**3 + s**2 - s + 1. Let l(x) be the second derivative of -793*x**5/20 + x**4/4 - x**3/2 - 26*x. Let o(j) = l(j) - 2*t(j). Is o(-1) composite?
True
Suppose 241597 = g - 2*w, 0 = 4*g - 4*w - 343533 - 622839. Is g prime?
True
Suppose 6*h - 2284 = 1802. Suppose -3*f = -4*o + 1468, -o - 2144 = 3*f - h. Let x = f - -2137. Is x a prime number?
False
Let c = -50 - -47. Let d be (-3 - 756/c) + 3. Let i = 110 + d. Is i prime?
False
Suppose 6917 - 869 = 4*p. Let g be (-7)/35 + (-39684)/(-20). Suppose g = 8*m - p. Is m composite?
True
Suppose 1489148 = 21*r + 185069. Is r prime?
True
Let s = -5953 + 8642. Suppose p = 4*k + 3567, 2*p = 3*k - 6*k - s. Is 0 - -4 - (4 + k) composite?
True
Suppose 17*o = -34*o + 857667. Is o composite?
True
Let c(r) = 883*r**2 + 3*r + 1. Let z be 16/20*((-12)/(-8) + -4). Is c(z) composite?
False
Let v be (-3)/4*13885*(-176)/66. Suppose 4*b = -3*s + 55526, 13*b - 11*b = 2*s + v. Is b a composite number?
False
Suppose 29*i = 36*i + 34*i - 79909. Is i a prime number?
True
Let w be (230 + 2 - -2)*(-95)/(-15). Let z = 3803 - w. Is z prime?
False
Let b(x) = -530*x + 1. Let z be b(-1). Suppose 0 = -92*a - 1754 - 178. Is 2*3/a + z/21 composite?
True
Let n(o) = -756*o**3 + 12*o**2 + 7*o - 13. Let q(b) = 757*b**3 - 10*b**2 - 7*b + 12. Let i(l) = 5*n(l) + 6*q(l). Is i(2) composite?
False
Suppose 5*w = w - 24. Let z be ((-4)/(4 - -4))/(1/w). Suppose -z*u + 12440 = 5*u. Is u prime?
False
Suppose 107*h + 10 = 112*h. Suppose y - 1197 = -a, h*a - 1885 = -5*y + 497. Is a prime?
True
Let q be (-4)/10 - 17/(-5). Let v(z) = -z**2 + 2*z + 148. Let t be v(8). Suppose k + q*l = t, k + 4*k - 540 = 5*l. Is k prime?
False
Is (-66)/12 + 2 - -4 - (-986553)/2 composite?
False
Suppose 0 = 5*v - 3 - 37. Suppose 3*d + j = 6620, j = 10 - v. Is d prime?
False
Let g = -8 - -25. Suppose -g*h = -16469 - 8708. Is h a composite number?
False
Let v = 1163773 + -707624. Is v a prime number?
True
Suppose 0 = x, 2*u + x - 60357 = -18335. Is u composite?
False
Let n = -1263427 - -3117674. Is n prime?
True
Suppose 0*s + 5 = 2*p + 5*s, 3*s - 3 = 4*p. Suppose x - 2 - 4 = p. Suppose -265 = -x*v + 257. Is v a composite number?
True
Is (-927936)/(-108) + 34/2 a composite number?
False
Suppose 5*f - 4644 = -2*z + 7741, 2*f + 10 = 0. Suppose -z - 5521 = -22*a. Is a prime?
False
Suppose 4*u - 241 = -217. Is u/(-3)*(-2956)/8 a prime number?
True
Suppose -2*x = 4*b - 10, -x + 2*x = -1. Suppose b*s + 4*g = 3593, s - 3598 = -2*s - 5*g. Let d = 1942 - s. Is d a prime number?
True
Let t(p) = -11440*p**3 + 10*p**2 + 7*p + 22. Is t(-5) a composite number?
False
Let g(u) = 4*u**2 + u + 8. Let f be g(0). Is (2 - 15124/f)*12/(-18) composite?
False
Suppose 6 = 3*q, -5*d + 0*d - q + 373622 = 0. Let g = -40090 + d. Is g a prime number?
False
Let r be 2/4 - 26/4. Let u(t) be the first derivative of -26*t**2 + 7*t - 380. Is u(r) prime?
False
Let k(n) = -2*n**2 + 5*n - 3. Let d be k(3). Let r be ((d - -4) + 1)*-17. Suppose 14*u + 573 = r*u. Is u a composite number?
False
Suppose -8*p + 64440 + 93352 = 0. Suppose 5*v - p = -5889. Is v a prime number?
True
Suppose -98*k - 3 = -2*x - 101*k, -k = -1. Let o(r) = -r**3 - r**2 + 6*r + 3791. Is o(x) a prime number?
False
Let q = 33581 - 4634. Let t = q - 9782. Is t a prime number?
False
Let p = 19 + -25. Is 179/(6*p/(-684)) prime?
False
Let j = -10075 - -14268. Is j composite?
True
Suppose -12*l + 100 = -104. Let g = 17 - l. Suppose g = 11*t - 0*t - 28369. Is t a prime number?
True
Suppose 13*b - 6191957 = -1244140 + 76696. Is b a composite number?
False
Suppose 0 = -16*m - 10 + 74. Suppose -4*j = -m*x - 2224, 2*x - 2189 = -4*j - x. Is j a composite number?
True
Let q = 113 - -309. Let g = q + -235. Is g a composite numb